{"id":504,"date":"2025-03-15T23:27:58","date_gmt":"2025-03-15T23:27:58","guid":{"rendered":"https:\/\/a-cero.com.mx\/?page_id=504"},"modified":"2025-03-15T23:32:27","modified_gmt":"2025-03-15T23:32:27","slug":"aviso-de-privacidad","status":"publish","type":"page","link":"https:\/\/a-cero.com.mx\/?page_id=504","title":{"rendered":"Aviso de Privacidad"},"content":{"rendered":"\n<p class=\"has-ast-global-color-3-color has-text-color has-link-color wp-elements-f0cf31ca6b5fa2aba36f2c2cd3c8468e\">La presente es el aviso de privacidad oficial (\u201cen lo sucesivo el Aviso\u201d) del sitio de Internet con URL&nbsp;<a href=\"http:\/\/www.a-cero.com.mx\/\" target=\"_blank\" rel=\"noreferrer noopener\">www.a-cero.com.mx<\/a>&nbsp;(\u201cen lo sucesivo Sitio, nosotros o nuestro\u201d).<\/p>\n\n\n\n<p>RESPONSABLE DEL TRATAMIENTO DE SUS DATOS PERSONALES<\/p>\n\n\n\n<p>ACERO 10 25 al ser una empresa respetuosa de su derecho de privacidad, consideramos que sus datos personales son muy importantes, por lo cual es que tomamos todas las medidas y precauciones a nuestro criterio necesarias para mantener segura la informaci\u00f3n que nos proporcione para que esta se mantenga de manera privada. A CERO 10 25 es la empresa responsable del tratamiento de sus datos personales recabados en el Sitio y tratados por la misma.<\/p>\n\n\n\n<p>Este documento es parte integrante del acuerdo de T\u00e9rminos y Condiciones (\u201cen lo sucesivo el Acuerdo\u201d), por lo que al usar este Sitio usted acepta, reconoce y acuerda libre y voluntariamente los t\u00e9rminos y condiciones tanto del Acuerdo como del presente Aviso.<\/p>\n\n\n\n<p>\u200b<\/p>\n\n\n\n<p>DEPARTAMENTO QUE SE ENCARGA DE LOS DATOS PERSONALES<\/p>\n\n\n\n<p class=\"has-ast-global-color-3-color has-text-color has-link-color wp-elements-0bfc70248a02474444b282a22a807db2\">El Departamento de comunicaci\u00f3n con correo electr\u00f3nico&nbsp;<a href=\"mailto:jose@a-cero.com.mx\">jose@a-cero.com.mx<\/a>&nbsp; es el departamento que se encarga de los datos personales de los usuarios.<\/p>\n\n\n\n<p>\u200b<\/p>\n\n\n\n<p>\u00bfPARA QUE FINES UTILIZAMOS SUS DATOS PERSONALES?<\/p>\n\n\n\n<p>La recolecci\u00f3n de informaci\u00f3n de datos personales y\/o datos sensibles, con el consentimiento del titular permite a A CERO 10 25 ofrecer sus productos y servicios de una forma adecuada y personalizada a nuestros usuarios y clientes, por lo que sus datos ser\u00e1n utilizados para las siguientes finalidades:<\/p>\n\n\n\n<p>\u00b7 &nbsp; &nbsp; &nbsp; Identificarle;<\/p>\n\n\n\n<p>\u00b7 &nbsp; &nbsp; &nbsp; Ubicarle;<\/p>\n\n\n\n<p>\u00b7 &nbsp; &nbsp; &nbsp; Contactarle;<\/p>\n\n\n\n<p>\u00b7 &nbsp; &nbsp; &nbsp; Proveer servicios y productos requeridos por usted;<\/p>\n\n\n\n<p>\u00b7 &nbsp; &nbsp; &nbsp; Informar sobre cambios o nuevos productos o servicios que est\u00e9n relacionados con el contrato celebrado o adquirido por el cliente;<\/p>\n\n\n\n<p>\u00b7 &nbsp; &nbsp; &nbsp; Reconstruir su experiencia en el Sitio<br>Personalizar lo que usted ve cuando visita el Sitio de acuerdo a sus preferencias<\/p>\n\n\n\n<p>\u00b7 &nbsp; &nbsp; &nbsp; Exhibir contenido que pensamos que pueda ser de su inter\u00e9s<\/p>\n\n\n\n<p>\u00b7 &nbsp; &nbsp; &nbsp; Informar sobre cambios de nuestros productos o servicios;<\/p>\n\n\n\n<p>\u00b7 &nbsp; &nbsp; &nbsp; Evaluar la calidad del servicio, y<\/p>\n\n\n\n<p>\u00b7 &nbsp; &nbsp; &nbsp; Realizar estudios internos sobre intereses, comportamientos y h\u00e1bitos de consumo.<\/p>\n\n\n\n<p>\u00bfQUE DATOS PERSONALES RECABAMOS Y DE DONDE?<\/p>\n\n\n\n<p>Cuando empleamos el t\u00e9rmino \u201cInformaci\u00f3n Personal\u201d en el presente Aviso, nos referimos a informaci\u00f3n tal como:<\/p>\n\n\n\n<p>\u00b7 &nbsp; &nbsp; &nbsp; Nombres y apellidos,<\/p>\n\n\n\n<p>\u00b7 &nbsp; &nbsp; &nbsp; Domicilio, ciudad, estado, c\u00f3digo postal,<\/p>\n\n\n\n<p>\u00b7 &nbsp; &nbsp; &nbsp; N\u00famero telef\u00f3nico,<\/p>\n\n\n\n<p>\u00b7 &nbsp; &nbsp; &nbsp; Usuario de Mensajero instant\u00e1neo, blog, URL personal, direcci\u00f3n de correo electr\u00f3nico<\/p>\n\n\n\n<p>\u00b7 &nbsp; &nbsp; &nbsp; Si ha sido usuario del Sitio o si ha proporcionado este tipo de informaci\u00f3n a cualquiera de las empresas, afiliados o empleados de la familia A CERO 10 25.<\/p>\n\n\n\n<p>\u00b7 &nbsp; &nbsp; &nbsp; informaci\u00f3n que se le solicite en las diversas actividades o promociones del sitio.<\/p>\n\n\n\n<p>A CERO 10 25 se compromete que har\u00e1 buen uso de dicha informaci\u00f3n y solo para las finalidades mencionadas en el punto anterior, esta informaci\u00f3n de sus datos personales, podr\u00e1 ser recabada de distintas formas. Usualmente se recabara sus datos personales o sensibles cuando Usted se registra, ingresa al Sitio, participe en promociones (como se define en el Acuerdo) o utiliza nuestro servicio en l\u00ednea y proporciona informaci\u00f3n; as\u00ed tambi\u00e9n cuando solicite productos o servicios o participe en alg\u00fan otro tipo de intercambio de informaci\u00f3n, transacciones, actividades y otras fuentes que est\u00e1n permitidas por la ley.<\/p>\n\n\n\n<p>\u200b<\/p>\n\n\n\n<p>\u201cCookies\u201d y otra Informaci\u00f3n Agregada: utilizamos la tecnolog\u00eda \u201ccookie\u201d para recopilar informaci\u00f3n acerca de su visita al Sitio. Esta informaci\u00f3n es almacenada en forma conjunta y no es utilizada para identificar a cualquier usuario o individuo en particular. Utilizamos las cookies y tecnolog\u00edas de rastreo similares de muchas maneras, incluyendo:<\/p>\n\n\n\n<p>\u00b7 &nbsp; &nbsp; &nbsp; Para mantener la cuenta de sus nuevas visitas al Sitio o a los sitios de nuestras Compa\u00f1\u00edas Controlantes, Afiliadas, Patrocinadores o socios;<\/p>\n\n\n\n<p>\u00b7 &nbsp; &nbsp; &nbsp; Almacenar e informar datos conjuntos, estad\u00edsticos en conexi\u00f3n con el Sitio;<\/p>\n\n\n\n<p>\u00b7 &nbsp; &nbsp; &nbsp; Operar el Sitio para mejorar nuestros servicios;<\/p>\n\n\n\n<p>\u00b7 &nbsp; &nbsp; &nbsp; Determinar qu\u00e9 funciones son de mayor agrado para los usuarios; y<\/p>\n\n\n\n<p>\u00b7 &nbsp; &nbsp; &nbsp; Guardar su ID de Usuario u otra informaci\u00f3n de modo que Usted no deba reingresarla cada vez que visita el Sitio.<\/p>\n\n\n\n<p>Usted reconoce y acepta que normas diferentes aplican a la recopilaci\u00f3n, uso o divulgaci\u00f3n de su Informaci\u00f3n Personal por terceros en conexi\u00f3n con su publicidad, promociones y otros sitios que Usted encuentra en el Internet. El uso de dicha tecnolog\u00eda por estos terceros se encuentra bajo su control y no el nuestro. Aun si tenemos una relaci\u00f3n con dichos terceros, nosotros no controlamos esos sitios o sus pol\u00edticas y pr\u00e1cticas referidas a su Informaci\u00f3n Personal. El Presente Aviso de Privacidad no contempla ning\u00fan uso de Informaci\u00f3n Personal que Patrocinadores o sus representantes puedan recopilar de Usted. Usted es responsable por investigar y consultar directamente con ellos sobre este respecto. El uso de tecnolog\u00eda de rastreo por parte de los Patrocinadores est\u00e1 sujeto a la pol\u00edtica o aviso de privacidad de cada Patrocinador.<\/p>\n\n\n\n<p>\u200b<\/p>\n\n\n\n<p>OPCIONES Y MEDIOS PARA LIMITAR EL USO O DIVULGACION DE DATOS PERSONALES<\/p>\n\n\n\n<p>Nosotros no vendemos, alquilamos, rentamos o divulgamos su Informaci\u00f3n Personal a entidades no afiliadas o entidades que no son nuestros Patrocinadores, excepto en las circunstancias limitadas que se se\u00f1alan en el Aviso. Cuando planeamos dar a conocer su Informaci\u00f3n Personal a Patrocinadores, le solicitamos que opte por hacerlo, en cuyo caso el uso de su Informaci\u00f3n est\u00e1 sujeto a las propias pol\u00edticas o\/y aviso de privacidad del Patrocinador.<\/p>\n\n\n\n<p>ACERO 10 25 no usar\u00e1 los n\u00fameros de tel\u00e9fonos o celulares, direcciones de correo electr\u00f3nico convencionales o de Internet, u otra Informaci\u00f3n Personal enviada en relaci\u00f3n al servicio m\u00f3vil con ning\u00fan otro fin que el de ofrecer el servicio requerido, a menos que se notifique previamente. No compartiremos la Informaci\u00f3n Personal con Patrocinadores u otros terceros a menos que usted autorice que la difundamos. Compartiremos la Informaci\u00f3n Personal con los proveedores del servicio que nos asisten para enviar estos servicios y con las Compa\u00f1\u00edas Controlantes y las Afiliadas.<\/p>\n\n\n\n<p>En relaci\u00f3n al p\u00e1rrafo que antecede, daremos a conocer su Informaci\u00f3n Personal o Informaci\u00f3n Personal sensible a terceros no afiliados en las siguientes circunstancias limitadas:<\/p>\n\n\n\n<p>Cuando estemos exigidos a hacerlo a solicitud de una agencia gubernamental, tribunal u otra entidad (por ej., para responder a citaciones, ordenes de tribunales o acciones legales);<\/p>\n\n\n\n<p>Cuando creamos que sus acciones violan cualquier ley, normatividad, el Acuerdo de T\u00e9rminos y Condiciones, incluyendo, sin que se limite a ello, el presente Aviso de Privacidad, o cualquiera de nuestros otros t\u00e9rminos y condiciones, Normas, ofrecimientos o cualquier otro servicio, funci\u00f3n o selecci\u00f3n del Sitio, o si Usted amenaza los derechos, propiedad o seguridad del Sitio de A CERO 10 25, las Afiliadas, o cualquiera de sus proveedores de servicios operativos, licenciadores, suplidores, Patrocinadores, clientes, usuarios, o cualquier otra parte;<\/p>\n\n\n\n<p>Cuando, a nuestro solo criterio, creemos que tal revelaci\u00f3n es necesaria o adecuada para investigar o resolver posibles problemas o solicitudes, para proteger nuestro negocio y activos, defender nuestros intereses y\/o cumplir con nuestras obligaciones legales y reglamentarias; o<br>En el caso de quiebra, fusi\u00f3n, adquisici\u00f3n, traspaso de control, empresa en conjunto (\u201cjoint company\u201d) u otra consolidaci\u00f3n comercial que nos incluya a nosotros, o a nuestras Compa\u00f1\u00edas Controlantes o Afiliadas.<\/p>\n\n\n\n<p>\u200b<\/p>\n\n\n\n<p>\u00bfCOMO ACCEDER O RECTIFICAR SUS DATOS PERSONALES O CANCELAR U OPONERSE A SU USO?<\/p>\n\n\n\n<p class=\"has-ast-global-color-3-color has-text-color has-link-color wp-elements-843ee90971970ea330cb17e4fb6b3b3c\">Usted puede revisar, actualizar o eliminar su Informaci\u00f3n Personal o Informaci\u00f3n Personal Sensible tratada por A CERO 10 25, as\u00ed tambi\u00e9n Usted puede corregir datos inexactos o incompletos, cancelarlos cuando resulten ser excesivos o innecesarios para las finalidades que justificaron su obtenci\u00f3n. La eliminaci\u00f3n o el intento de eliminaci\u00f3n de cierta Informaci\u00f3n Personal, tal como su nombre de usuario, puede no permitirse y\/o puede resultar en la suspensi\u00f3n de su cuenta o cancelaci\u00f3n de cualquier suscripci\u00f3n que Usted haya realizado. Para revisar, actualizar o suprimir su Informaci\u00f3n Personal o su Informaci\u00f3n Personal Sensible recopilada por el Sitio, env\u00ede un correo electr\u00f3nico a la direcci\u00f3n&nbsp;<a href=\"mailto:jose@a-cero.com.mx\">jose@a-cero.com.mx<\/a>&nbsp;para recibir atenci\u00f3n directa de nuestro personal y suministrar la siguiente informaci\u00f3n para la verificaci\u00f3n de su identidad:<\/p>\n\n\n\n<p>\u200b<\/p>\n\n\n\n<p>Nombre completo del titular y domicilio o medio para comunicar la respuesta;<br>Documento de identificaci\u00f3n;<br>Descripci\u00f3n clara y precisa del dato personal para ejercer alg\u00fan derecho de acceso, rectificaci\u00f3n o Cancelaci\u00f3n; y<br>Elemento o documento que facilite la ubicaci\u00f3n del dato personal.<br>La Informaci\u00f3n Personal recopilada para ciertos accesos se encuentra sujeta a requisitos corporativos y normativos sobre archivo y no ser\u00e1 eliminada a solicitud del usuario.<\/p>\n\n\n\n<p>\u200b<\/p>\n\n\n\n<p>MECANISMOS Y PROCEDIMIENTOS PARA QUE USTED REVOQUE SU CONSENTIMIENTO EN CUALQUIER MOMENTO<\/p>\n\n\n\n<p class=\"has-ast-global-color-3-color has-text-color has-link-color wp-elements-1da0d3bef6a934898e56faac2aefc61b\">En todo momento usted podr\u00e1 revocar el consentimiento que nos ha otorgado para el tratamiento de sus datos personales y\/o sensibles, a fin de que dejemos de hacer uso de los mismos. Para ello es necesario que presente su petici\u00f3n en el correo electr\u00f3nico&nbsp;<a href=\"mailto:jose@a-cero.com.mx\">jose@a-cero.com.mx<\/a>, el cual le indicara el procedimiento que debe seguir para la revocaci\u00f3n de su consentimiento.<\/p>\n\n\n\n<p>\u200b<\/p>\n\n\n\n<p>TRASFERENCIAS DE DATOS DEL EXTRANJERO A M\u00c9XICO.<\/p>\n\n\n\n<p>Le informamos que cualquier Informaci\u00f3n Personal que usted nos proporcione u obtengamos como resultado del uso de este Sitio ser\u00e1 transferida y tratadas en los Estados Unidos Mexicanos y por personas distintas a esta empresa. A CERO 10 25 compartir\u00e1 sus datos con cualquiera de las empresas Subsidiarias, afiliadas, controladoras o que pertenezcan al mismo grupo.<\/p>\n\n\n\n<p>Nosotros tambi\u00e9n tenemos el derecho de dar a conocer su Informaci\u00f3n Personal a terceros con el fin de administrar y mantener los servicios, funciones, selecciones y operaciones del Sitio. Nos referiremos a estos terceros como \u201cproveedores de servicios operativos\u201d. Nosotros utilizamos los servicios de proveedores de servicios operativos para brindar de manera eficiente la gama completa de contenidos, actividades, servicios, funciones y selecciones que le ofrecemos a Usted y requerimos que nuestro proveedor de servicios operativos tambi\u00e9n proteja su privacidad y no d\u00e9 a conocer su Informaci\u00f3n Personal o Informaci\u00f3n Personal Sensible a terceros anunciantes que no se encuentran asociados al Sitio o de A CERO 10 25. Asimismo, dichos proveedores de servicios no tienen permitido utilizar su Informaci\u00f3n Personal o Informaci\u00f3n Personal Sensible a sus propios fines de mercadeo o publicidad.<\/p>\n\n\n\n<p>\u200b<\/p>\n\n\n\n<p>Nos comprometernos a no transferir los datos personales y\/o sensibles sin su consentimiento a terceros ajenos a A CERO 10 25, salvo las excepciones se\u00f1aladas en la Ley de Protecci\u00f3n de Datos Personales en Posesi\u00f3n de Particulares.<\/p>\n\n\n\n<p>\u00b7 &nbsp; &nbsp; &nbsp; Consiento que mis datos personales sean transferidos a terceros.<\/p>\n\n\n\n<p>MEDIDAS DE SEGURIDAD Y CONFIDENCIALIDAD DE LA INFORMACION<\/p>\n\n\n\n<p>A CERO 10 25 se compromete a cumplir con la normatividad aplicable en materia de medidas de seguridad f\u00edsicas, administrativas y t\u00e9cnicas aplicables a los datos Personales, manteniendo est\u00e1ndares razonables a nuestro juicio. La informaci\u00f3n que sea proporcionada por usted, ser\u00e1 debidamente resguardada, conservada y protegida con la finalidad de que solo tenga acceso a los datos personales aquellas personas autorizadas por A CERO 10 25. As\u00ed mismo A CERO 10 25, sus empleados y encargados se obligan a guardar confidencialidad respecto de tu informaci\u00f3n personal. Cualquier empleado que encontremos violando nuestras pautas de seguridad y confidencialidad estar\u00e1 sujeto a nuestros procesos disciplinarios. Solicitamos que nuestros proveedores de servicios operativos sigan la misma pol\u00edtica de seguridad.<\/p>\n\n\n\n<p>A CERO 10 25 no se hace responsable de la informaci\u00f3n que se haga del dominio p\u00fablico obtenida por la vulneraci\u00f3n de las medidas de seguridad, f\u00edsicas y t\u00e9cnicas para el resguardo de su informaci\u00f3n personal y sensible.<\/p>\n\n\n\n<p>\u200b<\/p>\n\n\n\n<p>MODIFICACION AL AVISO DE PRIVACIDAD<\/p>\n\n\n\n<p>Nos reservamos el pleno derecho de efectuar en cualquier momento de revisar, modificar y actualizar el presente Aviso de Privacidad en atenci\u00f3n a novedades legislativas o jurisprudenciales, pol\u00edticas internas, prestaci\u00f3n u ofrecimiento de nuestros productos y pr\u00e1cticas de mercado, sin notificaci\u00f3n previa. Dichas revisiones entrar\u00e1n en vigor en forma inmediata tras su publicaci\u00f3n. En la p\u00e1gina de inicio del Sitio se colocar\u00e1n avisos sobre las modificaciones sustanciales de cualquier documento, o se notificar\u00e1n por correo electr\u00f3nico o mediante un aviso al registrarse en la p\u00e1gina; la forma de dicha notificaci\u00f3n queda a nuestra absoluta discreci\u00f3n. Sin embargo, le pedimos que revise regularmente este Aviso y el Acuerdo de T\u00e9rminos y Condiciones para estar al tanto de las actualizaciones.<\/p>\n\n\n\n<p>\u200b<\/p>\n\n\n\n<p>El uso del Sitio indica que Usted acepta y consiente el Aviso de Privacidad y la recopilaci\u00f3n, uso, distribuci\u00f3n, administraci\u00f3n, almacenamiento y tratamiento de su Informaci\u00f3n Personal tal como se describi\u00f3. Peri\u00f3dicamente podemos transferir o fusionar la Informaci\u00f3n Personal recopilada fuera de l\u00ednea con nuestra base de datos en l\u00ednea o almacenar informaci\u00f3n fuera de l\u00ednea en formato electr\u00f3nico. Tambi\u00e9n podremos combinar la Informaci\u00f3n Personal que obtenemos en l\u00ednea con informaci\u00f3n de otras fuentes, incluyendo informaci\u00f3n recibida de nuestras Afiliadas, empresas de mercadeo o Patrocinadores. El presente Aviso abarca toda la Informaci\u00f3n Personal y ser\u00e1 exigible y efectiva mientras Usted sea usuario de este Sitio, incluso si su uso o participaci\u00f3n en cualquier servicio, secci\u00f3n, funci\u00f3n o actividad promocional terminase, expirase, cesase o fuera suspendida o desactivada por cualquier motivo.<\/p>\n\n\n\n<p>Si por alguna raz\u00f3n no est\u00e1 de acuerdo con el presente Aviso de Privacidad, por favor no participe en las secciones, actividades y servicios que requieren que proporcione su Informaci\u00f3n Personal.&nbsp;<\/p>\n\n\n\n<p>El presente documento contiene los t\u00e9rminos \u00edntegros sobre el Aviso de Privacidad del Sitio y sustituye y reemplaza cualquier otro resumen, versi\u00f3n o declaraci\u00f3n de privacidad o aviso de privacidad del Sitio.<\/p>\n\n\n\n<p>\u200b<\/p>\n\n\n\n<p>El Presente Aviso de Privacidad fue modificada por \u00faltima vez el 1 de agosto del 2024 y su vigencia es inmediata.<\/p>\n\n\n\n<p>A CERO 10 25.<\/p>\n","protected":false},"excerpt":{"rendered":"<p>La presente es el aviso de privacidad oficial (\u201cen lo sucesivo el Aviso\u201d) del sitio de Internet con URL&nbsp;www.a-cero.com.mx&nbsp;(\u201cen lo [&hellip;]<\/p>\n","protected":false},"author":1,"featured_media":0,"parent":0,"menu_order":0,"comment_status":"closed","ping_status":"closed","template":"","meta":{"site-sidebar-layout":"default","site-content-layout":"","ast-site-content-layout":"","site-content-style":"default","site-sidebar-style":"default","ast-global-header-display":"","ast-banner-title-visibility":"","ast-main-header-display":"","ast-hfb-above-header-display":"","ast-hfb-below-header-display":"","ast-hfb-mobile-header-display":"","site-post-title":"","ast-breadcrumbs-content":"","ast-featured-img":"","footer-sml-layout":"","theme-transparent-header-meta":"","adv-header-id-meta":"","stick-header-meta":"","header-above-stick-meta":"","header-main-stick-meta":"","header-below-stick-meta":"","astra-migrate-meta-layouts":"default","ast-page-background-enabled":"default","ast-page-background-meta":{"desktop":{"background-color":"var(--ast-global-color-5)","background-image":"","background-repeat":"repeat","background-position":"center center","background-size":"auto","background-attachment":"scroll","background-type":"","background-media":"","overlay-type":"","overlay-color":"","overlay-opacity":"","overlay-gradient":""},"tablet":{"background-color":"","background-image":"","background-repeat":"repeat","background-position":"center center","background-size":"auto","background-attachment":"scroll","background-type":"","background-media":"","overlay-type":"","overlay-color":"","overlay-opacity":"","overlay-gradient":""},"mobile":{"background-color":"","background-image":"","background-repeat":"repeat","background-position":"center center","background-size":"auto","background-attachment":"scroll","background-type":"","background-media":"","overlay-type":"","overlay-color":"","overlay-opacity":"","overlay-gradient":""}},"ast-content-background-meta":{"desktop":{"background-color":"var(--ast-global-color-4)","background-image":"","background-repeat":"repeat","background-position":"center center","background-size":"auto","background-attachment":"scroll","background-type":"","background-media":"","overlay-type":"","overlay-color":"","overlay-opacity":"","overlay-gradient":""},"tablet":{"background-color":"var(--ast-global-color-4)","background-image":"","background-repeat":"repeat","background-position":"center center","background-size":"auto","background-attachment":"scroll","background-type":"","background-media":"","overlay-type":"","overlay-color":"","overlay-opacity":"","overlay-gradient":""},"mobile":{"background-color":"var(--ast-global-color-4)","background-image":"","background-repeat":"repeat","background-position":"center center","background-size":"auto","background-attachment":"scroll","background-type":"","background-media":"","overlay-type":"","overlay-color":"","overlay-opacity":"","overlay-gradient":""}},"footnotes":""},"class_list":["post-504","page","type-page","status-publish","hentry"],"_links":{"self":[{"href":"https:\/\/a-cero.com.mx\/index.php?rest_route=\/wp\/v2\/pages\/504","targetHints":{"allow":["GET"]}}],"collection":[{"href":"https:\/\/a-cero.com.mx\/index.php?rest_route=\/wp\/v2\/pages"}],"about":[{"href":"https:\/\/a-cero.com.mx\/index.php?rest_route=\/wp\/v2\/types\/page"}],"author":[{"embeddable":true,"href":"https:\/\/a-cero.com.mx\/index.php?rest_route=\/wp\/v2\/users\/1"}],"replies":[{"embeddable":true,"href":"https:\/\/a-cero.com.mx\/index.php?rest_route=%2Fwp%2Fv2%2Fcomments&post=504"}],"version-history":[{"count":3,"href":"https:\/\/a-cero.com.mx\/index.php?rest_route=\/wp\/v2\/pages\/504\/revisions"}],"predecessor-version":[{"id":509,"href":"https:\/\/a-cero.com.mx\/index.php?rest_route=\/wp\/v2\/pages\/504\/revisions\/509"}],"wp:attachment":[{"href":"https:\/\/a-cero.com.mx\/index.php?rest_route=%2Fwp%2Fv2%2Fmedia&parent=504"}],"curies":[{"name":"wp","href":"https:\/\/api.w.org\/{rel}","templated":true}]}}